c be k(-8). Let s = -73 + c. Suppose 4*u + s*u = 24590. Is u a composite number?
False
Is -3*(-13)/78*77986 composite?
False
Is (4/(80/1226775) - (-12)/(-16)) + 7 a composite number?
True
Is (15/(720/(-24)))/((-1)/37498) composite?
False
Suppose -y - 2*i + 20 = 0, y - 4*y = 3*i - 48. Is (20/16 + (-9)/y)*3986 a composite number?
False
Is (-240)/180 + 84/9 - -236651 prime?
True
Is (-12)/120 + (-340364)/(-40) composite?
True
Let x = 31 - 27. Suppose -d + 2 = 3*a - x, -3*d + 11 = 2*a. Is a/2 + (-338)/(-4) composite?
True
Let n(i) = -6627*i + 2639. Is n(-12) a prime number?
True
Suppose -3030 = 68*j - 78*j. Let t = j - -746. Is t a composite number?
False
Let a(p) = -7*p**3 - 20*p**2 - 61*p - 277. Is a(-22) composite?
False
Suppose -22939 - 11591 = -6*g. Is g a composite number?
True
Let r(q) = q**3 - 10*q**2 - 11*q + 4. Let n be r(11). Let h be n - (-4570)/1 - 0. Suppose 0*z - h = -2*z. Is z a prime number?
True
Suppose -8*k = -3*k + 1215. Suppose 3*g + 17 = 89. Is k/(-7) + g/84 a prime number?
False
Let s = 1310 - 1472. Let d be 1424 - 1 - (1 - -1). Let k = d + s. Is k composite?
False
Suppose 14*o + 11*o - 25 = 0. Is (1/o)/(11*2/218306) a composite number?
False
Suppose -20*n + 3409293 = -402932 - 981755. Is n prime?
True
Let f be -23991 + 4 + -12 + 1. Let z = f - -40247. Is z a composite number?
False
Let j be 1 - (-4798 + 4 - 2). Suppose -m = 3*w - 603 - j, 5*w = -2*m + 8999. Is w prime?
True
Suppose 82 = -3*j + 4*b, -110 = 5*j - 4*b + 32. Let z(u) = -125*u + 313. Is z(j) prime?
False
Let l(n) = -n**3 - 9*n**2 + 21*n - 14. Let s be l(-11). Let w(m) = -11*m**3 + 5*m**2 + 13*m + 4. Is w(s) a prime number?
True
Let z(i) = 26*i**3 - 7*i**2 + 6*i + 2. Let l be z(6). Let d = l - 3135. Is d prime?
True
Suppose -2*z + 6*z + 20 = 0, 0 = 4*p - z - 365689. Is p composite?
True
Let r(a) be the second derivative of 9*a**3 + 11*a**2 - 2*a. Let h be r(14). Suppose 5*d = 3*d + h. Is d composite?
False
Suppose 110*r - 4 = 108*r. Suppose -r*j + 10 = 0, 1413 = 4*x + 5*j - 4248. Is x prime?
True
Suppose -7*u + 15*u = 4*u + 517544. Is u a prime number?
False
Let f(y) = 2*y**3 - 162*y**2 - 53*y + 227. Is f(90) prime?
True
Suppose 0 = 11*s - 8*s. Suppose 3*f + 5*r = -f + 31, s = 4*f + r - 19. Suppose -f*w = -123 - 713. Is w a composite number?
True
Suppose 63*q - 27152568 = 280845. Is q a prime number?
True
Let b(a) = -27*a - 11. Let u be b(-1). Let k(v) = -v**3 + 16*v**2 + 8*v - 19. Is k(u) a prime number?
True
Let n = -10 - -14. Suppose 2*k - 4 = n. Suppose 0 = k*t - 2*t - 230. Is t prime?
False
Let a = 181843 - 32384. Is a prime?
True
Let d = -42795 - -105994. Is d a composite number?
False
Let n(c) = 1040*c**2 - 3*c + 2. Let v = 312 + -311. Is n(v) a composite number?
False
Suppose 131*m - 7755249 - 6759846 = 3918308. Is m composite?
True
Let x(z) = z**3 - 13*z**2 + 13*z - 12. Let h be x(12). Suppose 2*n - 34 = -5*a, 3*a + h*a - n - 16 = 0. Suppose a*v - 10*v = -732. Is v composite?
True
Let u(k) = k + 16. Let q be u(-13). Suppose 2*y + 654 = 2*x - q*x, 5*x - 2*y + 3258 = 0. Is (x/(-12))/((-3)/(-9)) a composite number?
False
Let s(x) = -28*x + 51. Let a = 16 + -26. Is s(a) composite?
False
Let i = 32 - 20. Let g be i/16 + (-75)/(-12). Suppose 30370 = g*b + 3*b. Is b prime?
True
Let f = 55 - 55. Suppose f = 31*g - 22*g - 36. Suppose g*m + 3*z = -0*z + 1549, z = m - 396. Is m prime?
False
Let w = 1825648 + -1224483. Is w composite?
True
Let t = -38 - -428. Suppose -h + t + 4 = 0. Suppose 11*p = h - 9. Is p prime?
False
Let m be (-41)/(-1) + -8*1. Suppose -47*p + m*p + 50302 = 0. Is p a composite number?
False
Suppose -l + 4 = 5*q, 2*q = -2*l - q + 8. Suppose 6*k + l*o + 1717 = 7*k, 5160 = 3*k - 3*o. Is k a prime number?
True
Let p(q) = -q**3 - 9*q**2 - 22*q + 20. Let s be p(-6). Is 197391/33 - 24/s prime?
True
Let h = 90603 - 34130. Is h prime?
True
Let g(v) = -v**2 + 12*v + 19. Let z be g(12). Suppose -z + 4 = 5*m. Is -1 + (-42)/m + (-1)/(-1) a composite number?
True
Let f be (-1210)/25 + -5*(-6)/75. Is f/(-21) + -2 + (-466764)/(-84) a prime number?
True
Suppose 0*l + 6*l - 10359 = -3*l. Is l a composite number?
False
Suppose 0 = -7*k - 0*k - 42. Let w be (-18491)/k - 2/(-12). Suppose -w = -6*m + 7724. Is m prime?
True
Suppose -26482 + 10964 - 12178 = -48*s. Let p be ((-86)/(-3))/((-2)/6). Let m = s + p. Is m a prime number?
True
Let f(b) = -52*b**3 - b**2 - b - 1. Let k be f(-1). Let t = k + -44. Suppose -t*w = -1710 - 3001. Is w a prime number?
True
Suppose -22*u + 69*u = -329. Is ((-16413)/6)/(u/42) a composite number?
True
Suppose -8*j = -6*j - 8. Suppose -3*b + f = b - 14, 0 = -j*b - 2*f + 20. Suppose -b*q - 2*q + 3786 = 0. Is q composite?
False
Let f = 669 - -396. Let m = -95 - -153. Let p = f + m. Is p a prime number?
True
Suppose 3*k - l - 5939 = 0, 2*k + 4*l - 3950 = -0*k. Suppose k = z + 9*p - 11*p, -z = -5*p - 1988. Is z a prime number?
True
Let z be (35/21)/5 + (-178)/(-6). Is 30/z + (834 - 0) a composite number?
True
Let x(o) = -4*o - 10. Let r(a) = a**2 - 7*a - 21. Let i(f) = 2*r(f) - 5*x(f). Let l be i(-3). Suppose 189 = l*v + 69. Is v a prime number?
False
Suppose -12*z + 1548 = -72. Let y be z/(-25) + 26/(-10) + 3. Is 4/(-10) - ((-23076)/15 + y) composite?
False
Suppose -5*p = -2*p + 1581. Let s be (-2 - p)*12/18. Suppose 0 = -4*b + d + s, -d = -b + 2*b - 85. Is b a composite number?
True
Let s = -7867 + 3062. Let h = s + 7782. Is h prime?
False
Let x(r) = 7*r**2 + 13*r - 29. Let t(i) = i**2 - 13*i + 2. Let v be t(12). Is x(v) a composite number?
False
Suppose 16*m - 18*m = -8. Suppose -2*k + 4296 = 2*a, -m*k - 4*a = k - 10741. Is k composite?
True
Let x = -992 - -2708. Suppose 5*l - 3*y - 16976 = 0, 3*y - 1690 = -l + x. Is l prime?
False
Let f(b) = b**2 - 17*b + 14. Let l be f(11). Let u = -55 - l. Is 1346 - (2/u)/((-6)/(-9)) prime?
False
Suppose 4*p + 281080 = 4*h, 50*p = 2*h + 52*p - 140544. Is h a prime number?
True
Suppose 3*t - 10 = t, 4*l - 11 = -3*t. Is l*(4 + -1)*(-910)/42 a prime number?
False
Let m be (51/(-12))/(1/4*1). Let g(h) be the second derivative of h**4/3 + 25*h**3/6 + 19*h**2 - 2*h. Is g(m) composite?
False
Let b be (-131312)/(-24) - (-2)/3. Let q = b - 2571. Is q prime?
False
Suppose n - 2188 = -677. Let o = 1062 + n. Is o a composite number?
True
Let g(x) = x**2 + 19*x + 87. Let o be g(-7). Suppose 16*k - 17*k + 3*a = -60353, o*a = 5*k - 301765. Is k prime?
True
Suppose -141*n + 140*n = x - 359790, 5*n - 1798978 = -x. Is n prime?
False
Let f = 127664 + -58458. Is f prime?
False
Let k be (((-2340)/(-8))/13)/((-1)/14). Let s = k - -531. Suppose -2*b + 2470 = -s. Is b a prime number?
False
Let r = -1336 + 287. Suppose -4*c + 8068 = -0*n - 2*n, 2*n = -4. Let u = r + c. Is u prime?
True
Let i(f) = 7*f**2 - 15*f + 14. Let o be i(6). Suppose -9*d + o - 437 = 0. Let t = 63 + d. Is t a composite number?
True
Let f be -2 + ((-3426)/2 - -3). Let o = -670 - f. Let p = o - -169. Is p a composite number?
True
Suppose -2*f = 6, 5*f + 6 = 3*u - 21. Suppose -16 = -2*j - u. Is (-8402)/(-1 - (j - 5)) a prime number?
True
Suppose -5*z + 30 = -0*z. Let s be (3 - 2)*(1931 - z). Let h = 3286 - s. Is h a composite number?
False
Let h = 100346 + -54009. Is h a prime number?
True
Let k = -1178 + 2752. Suppose -22*y = -k - 13980. Is y a composite number?
True
Suppose n + 3*n = 80. Let f(p) = 59 + 232*p**2 + 17*p - 9*p - 114*p**2 - 119*p**2 + 22*p. Is f(n) a prime number?
False
Let h(n) = 40*n**2 + 0*n - 557 + 598 - 90*n. Is h(31) a composite number?
True
Is (2 - 19/7) + (-156219492)/(-826) a composite number?
False
Let u(d) = 12*d - 38. Let g be u(9). Suppose -g*r = -67*r - 399. Is r prime?
False
Let q = 3047 + 8160. Suppose -3*u + 4*u + 3*i - q = 0, 3*i = -12. Is u prime?
False
Suppose -10*d = -104075 + 18105. Is d prime?
True
Suppose -s + 5*n - 8*n + 20770 = 0, -4*s = -5*n - 83029. Is s a composite number?
True
Let n = -662388 + 1330735. Is n a prime number?
True
Let z be -4*(-2)/(-2) - 893190/(-10). Suppose -z = -4*a - 23335. Is a a composite number?
True
Suppose -7310 = -4*a - 1578. Suppose -12*b = a - 65789. Is b a composite number?
True
Suppose 0 = 5*q - w + 211, -3*q - 3*w = -8*w + 131. Let g = q + 50. Is (((-14)/g)/7)/(1/(-3812)) prime?
True
Suppose 2*i - 6 = 3*i. Let m be 2 - 2/6 - 2/i. Is ((-10)/(-15))/(m/1257) a composite number?
Fals